u + 3*u + 144 = 0. Let q be (-288)/(-60)*20/6. Calculate the greatest common factor of q and u.
8
Let l = 35 - 42. Let v = l + 19. Calculate the greatest common divisor of v and 108.
12
Let l be (-4)/((-32)/18)*32. Let d be -3 - (-12 + 0/(-4)). Calculate the greatest common divisor of l and d.
9
Suppose 3*h = -2*h, -3*x = -h - 519. Let g = x - 110. Calculate the highest common divisor of 7 and g.
7
Let y(g) = g**3 + g**2 + 32. Let f be y(0). Let x be 9 + 12/36*261. What is the highest common divisor of x and f?
32
Let f be (-18600)/(-84) - 8/(-14) - 1. Calculate the greatest common factor of f and 13.
13
Let s(a) = -14*a + 89. Let w be s(4). What is the greatest common divisor of 3 and w?
3
Let v(l) = 2*l + 37. Let a(u) = -3*u - 56. Let o(q) = -5*a(q) - 8*v(q). Let h be o(-17). Calculate the highest common divisor of h and 2.
1
Suppose 2*n + 26 = 5*l, -l + 5*l - 2*n - 20 = 0. Let u = l - 8. Let g be -3 + u + 3 + 83. Calculate the greatest common factor of 27 and g.
27
Let n(u) = 25*u**3 - 2*u**2 - u + 2. Let s be n(1). Let b(i) = -i**3 + 2*i**2 + i + 4. Let x be b(-4). What is the greatest common divisor of x and s?
24
Suppose 4*v = 6*v - 6, 2*v = -2*m - 118. Let w be (-87)/((-3)/3 + 0). Let t = w + m. What is the greatest common factor of t and 25?
25
Suppose 4*d + 2 = -14, -2*t + d = -282. Suppose 132 = 3*f - 3*s, -4*s = 6*f - 3*f - t. What is the highest common divisor of f and 405?
45
Let u = 199 + -191. What is the highest common factor of u and 12?
4
Let r be (-45896)/(-72) - (-52)/(-117). Calculate the highest common divisor of 98 and r.
49
Let t be 51/4*308/33. Let y = 219 - t. Calculate the greatest common divisor of y and 20.
20
Suppose -8*z - 4814 + 12230 = 0. What is the greatest common factor of 9 and z?
9
Let f(g) = 2*g**2 + 2*g + 8. Let u be f(-2). Let j(r) = 27*r**2 + 2*r - 3. Let c be j(-3). Let x = -138 + c. What is the greatest common divisor of u and x?
12
Let k be 1*(10/(-135) - (-16499)/27). What is the greatest common divisor of 13 and k?
13
Suppose 6*v + 48 = 3*v. Let f = 20 + v. Let w be f/10 - 146/(-10). Calculate the highest common factor of 105 and w.
15
Suppose 6*i - 3*i = 0. Suppose 5*t - 5*x + 9 = t, 2*x - 2 = i. Let p be (t + 0)*-15*8. Calculate the greatest common divisor of 12 and p.
12
Let g be -2*3/6*5*-50. Suppose -3*m = -5*t - g, t + 0*t = -4*m + 341. What is the greatest common divisor of m and 17?
17
Suppose -4*o = -3*o - 476. Suppose 0 = -9*g + 5*g + o. Calculate the highest common factor of 34 and g.
17
Let n(c) = -11*c + 21. Let i be n(1). What is the highest common factor of 220 and i?
10
Suppose 6*p - 37 = 155. What is the highest common factor of p and 224?
32
Let u be (0 + -65 + 1)/(-1). Let g(w) = 11*w - 27. Let r be g(17). Calculate the highest common factor of r and u.
32
Let n be ((-35)/25)/(-7)*(-110)/(-2). Suppose -14 = -n*g + 10*g. What is the greatest common factor of g and 7?
7
Suppose -36*r + 849 - 273 = 0. What is the greatest common factor of r and 9?
1
Let x(y) = y**2 - 3*y - 2. Let v be x(5). Let l = 4 + 14. Let j = l - 14. Calculate the greatest common divisor of v and j.
4
Suppose 13 = 7*h - 15. Let q be h/(-10) - 348/(-20). Calculate the greatest common factor of q and 17.
17
Let k(a) = a**2 - 6*a - 12. Let z(b) = 3*b**2 - 8*b - 5*b**2 - b - 13 + 3*b**2. Let w be z(11). Let q be k(w). Calculate the highest common factor of 105 and q.
15
Let i(x) = -2*x + 1. Let a be i(-3). Let w(c) = -c**2 + 2*c + 8. Let h be w(a). Let d = 126 + h. Calculate the greatest common divisor of 11 and d.
11
Suppose 2*s - 192 - 2708 = 0. What is the greatest common factor of 58 and s?
58
Let q be (-2 - (-18)/(-4))*4. Let i = -14 - q. Let v be (14 - (-90)/9)/1. Calculate the greatest common factor of v and i.
12
Let o(u) = -u**3 - 3*u**2 + 3*u + 6. Let y be o(-6). What is the highest common divisor of 204 and y?
12
Let a = -19 + 18. Let k(s) = -31*s - 3. Let x be k(a). Calculate the greatest common divisor of x and 42.
14
Let p = -4 - -11. Suppose p*a - 4*a - 72 = 0. Calculate the greatest common divisor of a and 8.
8
Let x(m) = -111*m**2 + 560*m. Let j be x(5). Calculate the highest common divisor of j and 65.
5
Suppose 0*v = -2*v + 14. Suppose -4*j + 3*u + 53 = 0, 2*u = -3*j + v*u + 26. What is the highest common divisor of 170 and j?
17
Let r(q) = q**3 - 5*q**2 + 2. Let d be (11 - 12)/(-1 + 0). Suppose -d = -l + 4. Let w be r(l). Calculate the highest common factor of 12 and w.
2
Let k(v) = v**2 - 19*v + 12. Let y be k(26). Calculate the highest common factor of 679 and y.
97
Let p = 1384 + -586. What is the greatest common factor of p and 126?
42
Let j = 27 - -193. Suppose 5*h + 4*s = 2*h + 48, 5*s = 3*h - 75. What is the greatest common factor of j and h?
20
Suppose 43*p - 9639 = 11345. What is the greatest common divisor of p and 8?
8
Suppose -o + 0*o - 4 = 0. Let c be (-138)/(-42) - o/(-14). Let z be 1*(16/2 + c). What is the highest common divisor of z and 77?
11
Let t be 4*1*(6 + (-63)/(-18)). Calculate the greatest common divisor of 2 and t.
2
Let j(y) = -4*y - 57. Let q be j(-15). Suppose -q*n = 4*v - 50, 12 + 20 = 2*v - 2*n. What is the highest common divisor of 35 and v?
7
Let q = 3158 + -1133. Calculate the highest common divisor of 150 and q.
75
Suppose -32*l + 1020 = 70*l. Let j = -290 + 450. What is the greatest common divisor of j and l?
10
Let c(w) = 22*w + 18. Let h(u) = -11*u - 9. Let o(x) = -3*c(x) - 5*h(x). Let b be o(-4). What is the highest common divisor of 5 and b?
5
Let s be 2/(4/232 + 0). Let g = s + 136. Let z = 36 + -8. What is the greatest common divisor of z and g?
28
Let b be (-1 - 12/(-9)) + 182/21. Let r be -3 - 0*(-2)/4. Let a(p) = 2*p**2. Let q be a(r). Calculate the greatest common factor of b and q.
9
Let c(l) = -26*l - 19. Let m(s) = 5*s - 3*s + 6 - 8 - s - s**2. Let k be m(-2). Let n be c(k). What is the highest common factor of 21 and n?
21
Let w(z) = -30*z**3 + 5*z**2 + 7*z + 5. Let c be w(-4). Suppose c = 2*n + 693. Suppose -250 = 2*h - n. What is the highest common factor of 28 and h?
28
Let d be (-4 - (-486)/72)*(47 - -1). What is the highest common divisor of d and 1056?
132
Let s = -226 + 402. Let f = 1826 - 1794. Calculate the greatest common divisor of f and s.
16
Let i(z) = 2*z - 4. Let k be i(0). Let c be 1 + 0 + (-116)/k. Suppose -5*v - c = -7*v. Calculate the highest common divisor of 15 and v.
15
Suppose -14*f + 353 = -375. Let r = 40 + -27. What is the greatest common factor of f and r?
13
Suppose 2*n - 24 = -n. Let l be 18/8*n/(-3). Let k be (16/6)/(l/(-27)). Calculate the highest common factor of k and 36.
12
Suppose 0*d + 2*d = 0, 0 = -b - 3*d - 2. Let y be ((-75)/b)/5*18. Suppose 4*v - 3*v + 2*o - 56 = 0, v - 3*o = 51. What is the greatest common factor of v and y?
27
Let x be (-3 + 23)*3/4. Let l be 1/(-4) - 13/(-4). Let d be 2/l - 39/(-9). What is the highest common divisor of x and d?
5
Suppose 28 - 5 = -n. Let s = n + 39. What is the greatest common divisor of s and 4?
4
Let n(f) = f**2 - 10*f + 5. Let z be n(15). Suppose -91 = -6*u - 31. Calculate the greatest common divisor of u and z.
10
Suppose 0 = u + c, 0 = -2*u + c + 4*c + 14. Calculate the highest common factor of 3 and u.
1
Let q = -73 + 133. Suppose 0 = -9*w + 187 + 353. Let t = w + -54. Calculate the greatest common factor of t and q.
6
Suppose -3*s = 2*s. Let p be 0 - s - (-164 - -2). Let u = p - 71. Calculate the highest common factor of 13 and u.
13
Let v(a) = -a**2 + 18*a - 63. Let q be v(12). What is the greatest common divisor of q and 6?
3
Suppose 6*r = 3*r - m - 12, 3*r = -2*m - 15. Let k be ((-130)/(-4))/(r/(-6)). Suppose 0 = 3*i - 8*i + 65. What is the highest common divisor of k and i?
13
Suppose 0 = 5*s - 4*p - 134, s - 20 = -4*p + 2. Calculate the highest common divisor of s and 26.
26
Let r be (-2 - (-21)/6)/((-30)/(-4500)). Calculate the highest common divisor of r and 180.
45
Let v(b) = -13*b - 3*b**3 + 14*b**2 - 11 + 17 + 2*b**3. Let d be v(13). Let u be (-1)/((d - 3)/(-231)). What is the greatest common factor of 11 and u?
11
Suppose 5*x = -r - 161, 4*r + x + 666 = 3*x. Let q = 230 - r. What is the highest common divisor of q and 36?
36
Let w(t) = t**2 - 2*t - 6. Let d be w(-10). Let v = d - -37. Suppose 178 = 4*m + 2*x, 7*m = 4*m - 5*x + v. Calculate the hi